Let t = 2 + k. List the prime factors of t.
2, 3
Let o(t) = -t**3 + 8*t**2 - 4*t + 9. Let h be (-22)/(-3) - (-2)/(-6). What are the prime factors of o(h)?
2, 3, 5
Let d = -11 - -18. Suppose d*f = 3*f + 100. List the prime factors of f.
5
Let i(j) be the first derivative of -1 + 1/2*j**2 + 0*j. List the prime factors of i(4).
2
Suppose -2588 = -11*s - 256. What are the prime factors of s?
2, 53
Let u(s) = s**2 - 6*s - 4. Suppose -27 = -5*j + 13. What are the prime factors of u(j)?
2, 3
Let d(l) = -22*l**3 + 3*l**2 + l. Let n be ((0 - 4) + 3)/1. What are the prime factors of d(n)?
2, 3
Let a be 2 - 1*-2*7. Let n = 22 - a. Suppose 23 = 5*t - 3*u, 2*t + n*u - 4 = 2*u. What are the prime factors of t?
2
Let f = -17 - -21. Let l = f - -20. What are the prime factors of l?
2, 3
Let a = -5 + 4. Let s = a - -4. Suppose 3*t - 3*c = 3, -s*t + c + 5 = -2. List the prime factors of t.
3
Suppose 5*q - 18 = -2*m + m, -2*m - q = -63. What are the prime factors of m?
3, 11
Let c = 58 - 16. List the prime factors of c.
2, 3, 7
Suppose 2*o + 2*l = -3*o + 72, -3*l = -o + 28. Let d = o - 10. List the prime factors of d.
2, 3
Let v = 3 + -1. What are the prime factors of (0 - -15) + 0 + v?
17
Suppose -3*x + 396 = 3*x. What are the prime factors of x?
2, 3, 11
Let w be 201*(3 - 40/12). Let j = -31 - w. What are the prime factors of j?
2, 3
Let w = 10 - 6. Let g be (-2)/w + 107/2. Suppose 4*c + 5*l - g = 0, -4*c - l + 48 = 3*l. List the prime factors of c.
7
Let g(a) = 3*a + 2. Suppose 0 = -2*n + 2*m + 14, -3*m = -3*n - 2*m + 13. Suppose 2*k = n*k - 3. List the prime factors of g(k).
11
Suppose -5*z = 5*n - 10, -2*z - z = -4*n - 6. Suppose -y = 2*i - 4 + 9, -2*i = 3*y - 1. Suppose z*q = y*q - 12. List the prime factors of q.
2, 3
Suppose 64 = 2*l + 2*l. Let g = 2 + 1. Suppose 3*s = g*h + h - 36, 0 = 4*s - l. List the prime factors of h.
2, 3
Suppose -48 = 2*l - 176. What are the prime factors of l?
2
Let s(c) = -c**3 - 3*c**2 + c - 4. Let q be s(-3). Let v(o) = -o - 4. Let h be v(q). Suppose h*d - d - 24 = 0. List the prime factors of d.
2, 3
Let j be (-27)/2 + (-8)/16. Let i = j - -25. What are the prime factors of i?
11
Let d = -67 - -191. What are the prime factors of d?
2, 31
Suppose 2*i + 5*x = 21, i = 5*x + 1 - 13. List the prime factors of i.
3
Let i = -4 + 4. Suppose 3*y = 2*y + 4. Suppose -y*t = 18 - 2, i = -5*z - 2*t + 62. What are the prime factors of z?
2, 7
Suppose 0*h - 3 = -h. Suppose -n - h*n = -60. What are the prime factors of n?
3, 5
Let o = 21 - 29. Suppose 1 + 4 = 5*i. Let s = i - o. What are the prime factors of s?
3
Let y = 17 - 15. What are the prime factors of y?
2
Suppose 3*m - 36 = -3*w + 123, 0 = -5*w + 5*m + 315. List the prime factors of w.
2, 29
Let c(i) = i**3 + 13*i**2 + 17. Suppose 4*u + 39 = u. List the prime factors of c(u).
17
List the prime factors of (0 - (-29)/(-4))/((-21)/252).
3, 29
Let a(l) = -l + 7. List the prime factors of a(-5).
2, 3
Let a = 110 + -77. List the prime factors of a.
3, 11
Let l(s) = 7*s**2 + 9*s + 2. Let r(c) = -4*c**2 - 5*c - 1. Let q(m) = 3*l(m) + 5*r(m). Let j be q(-2). What are the prime factors of 6 + 1 + j + -3?
5
Suppose 6*j - 136 = 230. What are the prime factors of j?
61
Suppose -r - 1 + 0 = 5*q, 3*r = q - 3. Let x(l) = -5*l**3. What are the prime factors of x(r)?
5
Suppose 5*f - 12 + 39 = 4*x, -5*x + 24 = -3*f. Suppose 4*b = -2*u + 102, 0*b - x*u + 81 = 3*b. What are the prime factors of b?
2, 3
Suppose 6*f - 3*f - 15 = 0. Let p = 8 - f. Suppose 25 = p*o - 11. List the prime factors of o.
2, 3
Suppose 3*z - 257 = -89. Suppose -3*l - 4*d = -34, -4*l + 5*d - z + 153 = 0. What are the prime factors of l?
2, 3
Suppose 92 = 13*p - 12*p. List the prime factors of p.
2, 23
Suppose -3*a = -y + 5*y + 3, 3*a = 4*y - 27. Suppose 110 = 5*z + k, 3*k + 64 = y*z + 4*k. What are the prime factors of z?
23
Let t be -1*1*(-50)/(-5). Let m = t - -29. What are the prime factors of m?
19
Suppose 4*a - 116 = -4. What are the prime factors of a?
2, 7
Let a(c) = -c**3 + c**2 + c + 1. Let n(t) = -t**3 - 5*t**2 - 8*t + 6. Let s(k) = 2*a(k) - n(k). Suppose -42 = -4*q - 10. What are the prime factors of s(q)?
2, 3
Let t = 7 + -2. Suppose 3 = -t*s - d, 2*d + 2*d + 12 = -2*s. Suppose 5*a - k - 44 = 5, s = 3*k + 12. What are the prime factors of a?
3
Suppose 0 = 2*m - 0*m - 2*v - 34, 2*m + 2*v = 38. Suppose m*r = 22*r - 100. What are the prime factors of r?
5
What are the prime factors of 4 - ((-48)/(-3))/(-4)?
2
Suppose -w = -h + 2, -w - 3*w = 0. Let q = 30 - h. What are the prime factors of q?
2, 7
Let s(v) = -v**2 + 5*v + 2. Let m be s(7). Let r(d) = -d**3 - 7*d**2 - 6*d - 7. Let q be r(-7). Let i = m + q. What are the prime factors of i?
23
Let s = -2 - -7. Suppose 0 = 5*t - 5, -2*t + 0*t - 14 = -4*i. Suppose -d - 1 - 4 = -i*x, -4*x + s*d - 7 = 0. What are the prime factors of x?
2
Let h(r) = -r - 3. Let w be h(-8). Suppose 0 = 5*s - w*j - 50, -5*s - 4*j - 18 = -113. List the prime factors of s.
3, 5
Suppose -15*h + 105 = -14*h. List the prime factors of h.
3, 5, 7
Suppose -4*g - 2*j + 440 = 0, 2*g = -3*j - 0*j + 216. Suppose -3*o + g = 5*k - 73, -188 = -5*k - o. Let t = k + -25. List the prime factors of t.
13
Let s(v) = v**2 + 3*v - 6. Let c be s(-5). Suppose -54 = -4*l + 2*m, c*l - 2*m - 38 = l. What are the prime factors of l?
2
Suppose -c - 46 = -3*c. List the prime factors of c.
23
Let t = 12 - 2. Let d be 138/15 - 2/t. Let h = 0 + d. List the prime factors of h.
3
Let d = -14 - -18. Suppose d*r = r + 126. List the prime factors of r.
2, 3, 7
Suppose -3*c - 5*g = -81, -4*c + 2*c + 54 = -5*g. List the prime factors of c.
3
Suppose -g - 14 = 10. List the prime factors of 4/g - (-57)/18.
3
List the prime factors of (32/(-20))/(4/(-30)).
2, 3
Suppose 0*p - 13 = -p. Let j(d) = -d**3 - 2*d**2 + 5*d + 2. Let q be j(-3). Let l = q + p. List the prime factors of l.
3
Let l be (-10)/15 + (-2)/(-3). Let w = l - -17. What are the prime factors of w?
17
Let t be ((-5)/1)/((-35)/14). Let i = 44 + -25. Suppose -3*u + i = -t. What are the prime factors of u?
7
Suppose 19*x - 25*x = -1572. What are the prime factors of x?
2, 131
Let j = -3 + 9. Let l(g) = -g**2 + 8*g + 3. What are the prime factors of l(j)?
3, 5
Suppose 2*y = 4*y - 86. List the prime factors of y.
43
Let j be 16 + 0 + (2 - 3). Suppose 3*n + j = -0*n, 2*o - 5*n - 29 = 0. Suppose -2*f + 29 = 5*m, -o*m = f - 5*m + 13. What are the prime factors of f?
2
Suppose 4*l - 2*f + 51 = 3*f, 58 = -4*l - 2*f. Let p = 24 + l. What are the prime factors of p?
2, 5
Suppose 0*c - 2*q = c - 20, 3*c + q - 50 = 0. Let t = 27 - c. List the prime factors of t.
11
What are the prime factors of ((-10)/(-15))/(2/108)?
2, 3
Let a = 4 - 8. Let f = a - -6. Suppose 0 = -5*h - p + 32, 27 = h + 2*h - f*p. What are the prime factors of h?
7
What are the prime factors of (-32)/(-56) - 185/(-7)?
3
Let x(w) = 21*w + 1. What are the prime factors of x(3)?
2
Let f(h) = -6*h + 3 + 2*h - 3. List the prime factors of f(-5).
2, 5
Let o(g) = 320*g**2 - g + 2. What are the prime factors of o(1)?
3, 107
Let b(f) = f**3 - f**2 - 7*f + 11. List the prime factors of b(5).
2, 19
Let a(m) = -m**3 + 7*m**2 - 4*m - 4. What are the prime factors of a(5)?
2, 13
Suppose -4*x = -0*x + 8. Let a = x - -4. Suppose -2*q - q = 9, a*q = f - 10. List the prime factors of f.
2
Suppose -3*h + 71 = -67. List the prime factors of h.
2, 23
Let u be ((-20)/25)/(4/(-10)). Suppose 0 = 4*n + 8, 6*x - 2*n = x + 49. Suppose -u*d + x - 3 = 0. List the prime factors of d.
3
Let l(w) = 2*w - 17. Let m(k) = k - 6. Let c(z) = -2*l(z) + 7*m(z). What are the prime factors of c(7)?
13
Suppose -2*t - 2 = s - 74, -290 = -5*s + 4*t. Let p = s + -22. List the prime factors of p.
2, 5
Suppose 0 = o - 3*c - 148, 4*o + 2*c = 270 + 378. List the prime factors of o.
2, 5
Let h be (16/(-14))/(2/(-7)). List the prime factors of 0 - h - (-57 - -6).
47
Let z(a) = a**3 - 5*a**2 + 6*a - 2. Let j be z(4). Suppose 2*k + 9 = q, -q - j = 2*k + k. What are the prime factors of q?
3
Let v be (2 - 1)/(5/(-10)). Let s(w) = 2*w**2 - 1. Let x be s(v). Suppose 4*c = x + 29. What are the prime factors of c?
3
Let v(m) = m**3 - m**2. Let y be v(2). Suppose -y*u = u - 60. What are the prime factors of u?
2, 3
Let h(c) = -17*c + 2. What are the prime factors of h(-3)?
53
